-9))*0. What is the remainder when ((-8)/12)/(m + 3/(-126)) is divided by 16?
12
Suppose -2*a = 6*a. Suppose -5*d + 40 = 2*z - z, a = 5*d - 3*z - 20. What is the remainder when 27 is divided by d?
6
Let x = 33 + 69. Let l = -512 + 533. Calculate the remainder when x is divided by l.
18
Let f = 2 + 1. Suppose -4*u = f*l - 9, 2*u + l - 2 = -l. Suppose -g + 3 + u = 0. Calculate the remainder when 26 is divided by g.
8
Let y = -23 - -25. Suppose -4*n + 342 - 74 = 0. Calculate the remainder when n is divided by (-8)/y + -13 + 34.
16
Let o(z) = z**2 - 6*z - 2. Let p(t) = -4 + 4 - 8 - 6 + 2*t + t**2. What is the remainder when o(-4) is divided by p(-6)?
8
Calculate the remainder when 133 is divided by 15/(-4)*504/(-70).
25
Suppose 3*q = q. Suppose 3*k - 5*m - 29 = q, 4*k = -3*m - m + 60. Calculate the remainder when 62 is divided by k.
10
Suppose 3*n = 19 + 98. Suppose 4*x = n + 21. Calculate the remainder when 45 + (-4)/(0 + 4) is divided by x.
14
Let s = -562 - -633. What is the remainder when s is divided by 8?
7
Let h = -6 + 9. Suppose 0 = 4*u + 4, -8*k = -h*k + 2*u + 22. What is the remainder when 22*k/8*-7 is divided by 20?
17
What is the remainder when (-3)/(-15) + (-2216)/(-20) is divided by 20?
11
Suppose 2*h + 3*o - 634 = 0, 0 = -3*h - 5*o + 10*o + 913. What is the remainder when h is divided by 39?
38
Let o(v) = 8*v - 1. Let m = 231 + -202. Calculate the remainder when o(18) is divided by m.
27
Let r = 540 + -499. Calculate the remainder when r is divided by 8.
1
Suppose 26*p - 307 - 291 = 0. Calculate the remainder when 572 is divided by p.
20
What is the remainder when (-1290)/(-25) - 56/35 is divided by 22?
6
Let u be (224/(-24))/(2/(-3) + 1). Let q = u + 95. What is the remainder when q is divided by (-1 - 1)/(6/(-51))?
16
Calculate the remainder when 139 is divided by 8 + -8*27/(-72).
7
Let l = 109 - 72. Let u = 62 - l. Let x(d) = 23*d + 2. What is the remainder when x(2) is divided by u?
23
Let o(l) = 4*l. Let n be o(-2). Let x be 66/(-99) - 16/3. What is the remainder when (x/3)/(n/148) is divided by 13?
11
Suppose 10*z = 520 + 1300. Suppose -4*m = 2*q + 192 - 526, -2*m + 2*q + z = 0. Calculate the remainder when m is divided by 29.
28
Let b(s) = -s**2 + 3*s**2 + 3*s + 3*s**2 - 7 - 4*s**2. Let t be b(-5). Let r(y) = 2*y**2 - 3*y + 3. What is the remainder when 33 is divided by r(t)?
9
Let f(q) = 6*q**2 + 2*q - 4. Let t be f(-3). Let z = t + -29. What is the remainder when 43 is divided by z?
13
Let i be 6 + -5 + (-12)/(-3). Suppose -4*u = -i*t - 39, u + 3 = -3*t - 0*t. Let l = u + 0. What is the remainder when 14 is divided by l?
2
Suppose -4*t + g - 3*g + 48 = 0, 0 = 2*t - 4*g - 4. Suppose 4*s - 14 = -2*x - 0*x, -s - 1 = -x. What is the remainder when (-2)/(-3)*54 + s is divided by t?
8
Suppose 0 = 4*t - 2*i + 18, -4*t + t = -4*i + 21. Let f = t - -6. Suppose 0*j + f*j = 162. Calculate the remainder when j is divided by 14.
12
Suppose 0 = -2*w + 6*w - 60. Let v = 20 - w. Suppose -3*h = 10 - 34. What is the remainder when h is divided by v?
3
Let r = 76 + -46. Let d = 84 - 25. What is the remainder when d is divided by r?
29
What is the remainder when 123 is divided by (-66)/(-121) - (-1950)/55?
15
Let h(y) = -y**2 + 30*y + 95. Calculate the remainder when 264 is divided by h(32).
16
Let r(m) = -m**3 - 2*m**2 + 14*m + 8. Let z be r(-5). Suppose -z*x = -2*x - 968. What is the remainder when x is divided by 18?
16
Suppose 51 = 3*h - 30. Suppose -33 - h = -5*y. Suppose -y = -z + 89. Calculate the remainder when z is divided by 35.
31
Let l = -5 - -10. Suppose -4*f = -l*q - 1, -3 = -q - 0. Suppose -y + 9 = p, f = -4*y - 0. What is the remainder when p is divided by 6?
4
Suppose 21*u = 25*u - 16. Suppose 1 = -l - u*q, 0*q = 5*l + 3*q - 46. What is the remainder when l is divided by 7?
4
Let r be (-4)/26 + -101*16/(-26). Let s = r - 31. Calculate the remainder when s is divided by 4.
3
Let s(b) = -3*b + 1. Suppose 0 = -l + 6*l + 5. Let i = -15 + 26. What is the remainder when i is divided by s(l)?
3
Suppose 10 = 2*j + 4*t, -9 = 4*t + 3. Let c be (960/(-45))/(2/3 + -1). Let r = -44 + c. What is the remainder when r is divided by j?
9
Let d(o) = -4*o. Let u be d(-1). Suppose u*y - 3*y = 38. Suppose -107 - y = -5*x. Calculate the remainder when x is divided by 15.
14
Suppose 14*s - 29*s = 2040. Let w = s + 139. What is the remainder when 8 is divided by w?
2
Let p be ((-50)/(-3))/(18/(-54)). Let a = -48 - p. What is the remainder when 12 is divided by a?
0
Let v = 107 + -71. What is the remainder when 55 is divided by v?
19
Suppose s - 2*l - 561 = -6*l, -1669 = -3*s - 5*l. What is the remainder when s is divided by 56?
49
Let n(w) = 3*w - 1. Let u be n(7). Suppose 0 = -7*z + 2*z + u. Suppose 272 = z*c - 28. Calculate the remainder when c is divided by 26.
23
Suppose -5*k + 5 = -160. Let w = k + -31. Suppose -3*a + 3*t + 160 - 1 = 0, w*a = -t + 103. Calculate the remainder when a is divided by 14.
10
Let i(u) = -22*u - 2. Calculate the remainder when -2 + 4 + 92 + (-15 - -18) is divided by i(-1).
17
Let z = 1 - -4. Suppose -x - c = -z*x + 67, 2*x + 4*c = 56. What is the remainder when 51 is divided by x?
15
Suppose -35*g + 1364 - 104 = 0. Calculate the remainder when g is divided by 23.
13
Let k(y) = -y**2 - 12*y - 20. Suppose 5*q - c - 226 = -3*c, -5*c - 10 = 0. Calculate the remainder when q is divided by k(-8).
10
What is the remainder when 576 is divided by (1 + 20/(-16))/((-5)/680)?
32
Suppose 0 = -n + 87 - 29. Suppose -n = -x - 33. Calculate the remainder when 72 is divided by x.
22
Suppose -4*g = -5*g + 5, -3*c = -3*g - 90. Calculate the remainder when 113 is divided by c.
8
Let o = 738 + -476. Let y = o - 145. What is the remainder when y is divided by 30?
27
Let v = -384 + 406. Calculate the remainder when 87 is divided by v.
21
Let a(c) = -501*c + 270*c - 7 + 263*c. Suppose -d - 6 = 3*l, 3*d + l + 32 = 6*d. What is the remainder when a(1) is divided by d?
7
Let q(i) = 3*i**2 - 6*i + 15. Calculate the remainder when 308 is divided by q(3).
20
Let x = 226 + 516. What is the remainder when x is divided by 27?
13
Suppose o - d - 3*d - 52 = 0, -3*o - 3*d + 96 = 0. Let a = 198 + 16. What is the remainder when a is divided by o?
34
Suppose 0*h + 60 = -3*h. Let j = h + 33. Suppose 5*t - 122 = j. Calculate the remainder when t is divided by 15.
12
Suppose -12 = -4*s - 2*b + 7*b, 5*b - 12 = s. Suppose s*i - 420 = 3*i. What is the remainder when i is divided by 29?
26
What is the remainder when 487/3 - 12*4/36 is divided by 9?
8
Let k(s) = s**3 - 11*s**2 - 38*s - 14. Let y be (4/10)/(1/10). What is the remainder when k(14) is divided by y/(-10) + 57/5?
9
Let p(c) = c**2 - 6*c - 17. Let f be p(-13). Let g = f + -131. What is the remainder when g is divided by 25?
24
Suppose 0 = -4*o + 32 + 44. Calculate the remainder when 54 is divided by o.
16
What is the remainder when (8/3)/(-4) + (-940)/(-60) is divided by 11?
4
Let z = -36 - -710. Calculate the remainder when z is divided by 27.
26
Let h(f) = f**2 + 18*f + 21. What is the remainder when 177 is divided by h(-18)?
9
Let b = 2 - -3. Let l = 8 + b. Calculate the remainder when 36 is divided by l.
10
Let c(z) = 16*z - 2. Let o be c(3). Suppose -9*s + 17 = -o. What is the remainder when s is divided by (-5)/(-10) - (-5)/2?
1
Suppose 0 = h, -g + 2*g - 5*h = -26. Let m be 15/25 - g/(-10). Calculate the remainder when 13 is divided by 5*(m + 28/10).
1
Let o(d) = -d**3 - 6*d**2 - 7*d + 3. Let k be -7*3/(-2 + -1). Suppose w = 2*a - 15, k*w - 2*w = 4*a - 51. Calculate the remainder when o(w) is divided by 26.
23
Suppose -38 = -20*c + 18*c - l, 0 = 4*c - 5*l - 48. Calculate the remainder when 36 is divided by c.
2
Let c(s) = 20*s**2 + 7*s + 87. Calculate the remainder when c(-5) is divided by 62.
56
Let c be (-2)/7 - 19/7. Let l = 5 + -11. Let t = c - l. What is the remainder when t is divided by 3?
0
Let r(n) = 13*n - 237. What is the remainder when 63 is divided by r(19)?
3
Let m(h) = 2*h + 14. Suppose -u - 48 = -3*c + 1, 5*u - 40 = -4*c. Calculate the remainder when m(13) is divided by c.
10
Calculate the remainder when (-8 + 12)/4*65*1 is divided by 45.
20
Suppose 0 = 2*y - 3*u - 5, -u = -3*y - 2*y + 45. Let h = 5 + y. What is the remainder when 28 is divided by h?
13
Let a(m) = -m**3 - 6*m**2